{"id":594,"date":"2020-10-28T13:48:35","date_gmt":"2020-10-28T13:48:35","guid":{"rendered":"https:\/\/ae-joserelvas.pt\/eqavet\/?page_id=594"},"modified":"2024-02-12T11:56:11","modified_gmt":"2024-02-12T11:56:11","slug":"questionarios","status":"publish","type":"page","link":"https:\/\/ae-joserelvas.pt\/eqavet\/questionarios\/","title":{"rendered":"Question\u00e1rios"},"content":{"rendered":"<p>[et_pb_section fb_built=&#8221;1&#8243; _builder_version=&#8221;4.6.6&#8243; _module_preset=&#8221;default&#8221;][et_pb_row _builder_version=&#8221;4.6.6&#8243; _module_preset=&#8221;default&#8221;][et_pb_column type=&#8221;4_4&#8243; _builder_version=&#8221;4.6.6&#8243; _module_preset=&#8221;default&#8221;][et_pb_text _builder_version=&#8221;4.6.6&#8243; _module_preset=&#8221;default&#8221; text_font=&#8221;|||on|||||&#8221; text_text_color=&#8221;#000000&#8243; text_font_size=&#8221;34px&#8221; text_text_shadow_style=&#8221;preset2&#8243;]<\/p>\n<p style=\"text-align: center;\">Question\u00e1rios &#8211; Resultados<\/p>\n<p>[\/et_pb_text][\/et_pb_column][\/et_pb_row][et_pb_row _builder_version=&#8221;4.6.6&#8243; _module_preset=&#8221;default&#8221;][et_pb_column type=&#8221;4_4&#8243; _builder_version=&#8221;4.6.6&#8243; _module_preset=&#8221;default&#8221;][et_pb_text _builder_version=&#8221;4.6.6&#8243; _module_preset=&#8221;default&#8221;]<\/p>\n<h2 style=\"text-align: center;\">Ano letivo 20\/21<\/h2>\n<p>[\/et_pb_text][\/et_pb_column][\/et_pb_row][et_pb_row column_structure=&#8221;1_2,1_2&#8243; disabled_on=&#8221;off|off|off&#8221; _builder_version=&#8221;4.6.6&#8243; _module_preset=&#8221;default&#8221;][et_pb_column type=&#8221;1_2&#8243; _builder_version=&#8221;4.6.6&#8243; _module_preset=&#8221;default&#8221;][et_pb_cta title=&#8221;Question\u00e1rio &#8211;  Enc. de Educa\u00e7\u00e3o&#8221; button_url=&#8221;https:\/\/ae-joserelvas.pt\/eqavet\/wp-content\/uploads\/2022\/01\/20_21_Inquerito_satisfacao_Encarregados_Educacao.pdf&#8221; url_new_window=&#8221;on&#8221; button_text=&#8221;Clique aqui&#8221; _builder_version=&#8221;4.6.6&#8243; _module_preset=&#8221;default&#8221; link_option_url_new_window=&#8221;on&#8221;]<\/p>\n<p>Resultados do inqu\u00e9rito sobre a satisfa\u00e7\u00e3o dos Encarregados de Educa\u00e7\u00e3o<\/p>\n<p>&nbsp;<\/p>\n<p>[\/et_pb_cta][et_pb_cta title=&#8221;Question\u00e1rio &#8211;  Colaboradores&#8221; button_url=&#8221;https:\/\/ae-joserelvas.pt\/eqavet\/wp-content\/uploads\/2022\/01\/20_21_Inquerito_Informacao_Satisfacao_Colaboradores.pdf&#8221; url_new_window=&#8221;on&#8221; button_text=&#8221;Clique aqui&#8221; _builder_version=&#8221;4.6.6&#8243; _module_preset=&#8221;default&#8221; link_option_url_new_window=&#8221;on&#8221;]<\/p>\n<p>Resultados do inqu\u00e9rito de Informa\u00e7\u00e3o sobre a Satisfa\u00e7\u00e3o dos Colaboradores<\/p>\n<p>[\/et_pb_cta][et_pb_cta title=&#8221;Question\u00e1rio &#8211; Alunos&#8221; button_url=&#8221;https:\/\/ae-joserelvas.pt\/eqavet\/wp-content\/uploads\/2022\/01\/20_21_Inquerito_Informacao_Satisfacao_Colaboradores.pdf&#8221; url_new_window=&#8221;on&#8221; button_text=&#8221;Clique aqui&#8221; _builder_version=&#8221;4.6.6&#8243; _module_preset=&#8221;default&#8221; link_option_url_new_window=&#8221;on&#8221;]<\/p>\n<p>Resultados do inqu\u00e9rito de Informa\u00e7\u00e3o sobre a Satisfa\u00e7\u00e3o dos Alunos<\/p>\n<p>[\/et_pb_cta][\/et_pb_column][et_pb_column type=&#8221;1_2&#8243; _builder_version=&#8221;4.6.6&#8243; _module_preset=&#8221;default&#8221;][et_pb_cta title=&#8221;Question\u00e1rio  &#8211;   Entidades de Est\u00e1gio&#8221; button_url=&#8221;https:\/\/ae-joserelvas.pt\/eqavet\/wp-content\/uploads\/2022\/01\/20_21_Inquerito_Informacao_Satisfacao_Entidades_Estagio.pdf&#8221; url_new_window=&#8221;on&#8221; button_text=&#8221;Clique aqui&#8221; _builder_version=&#8221;4.6.6&#8243; _module_preset=&#8221;default&#8221; link_option_url_new_window=&#8221;on&#8221;]<\/p>\n<p>\u00a0Resultados do inqu\u00e9rito de Informa\u00e7\u00e3o sobre a Satisfa\u00e7\u00e3o das Entidades de Est\u00e1gio<\/p>\n<p>&nbsp;<\/p>\n<p>[\/et_pb_cta][et_pb_cta title=&#8221;Question\u00e1rio &#8211;  Ex-Alunos&#8221; button_url=&#8221;https:\/\/ae-joserelvas.pt\/eqavet\/wp-content\/uploads\/2022\/01\/20_21_Inquerito_Informacao_Satisfacao_ex_alunos-.pdf&#8221; url_new_window=&#8221;on&#8221; button_text=&#8221;Clique aqui&#8221; _builder_version=&#8221;4.6.6&#8243; _module_preset=&#8221;default&#8221; link_option_url_new_window=&#8221;on&#8221;]<\/p>\n<p>Resultados do inqu\u00e9rito de Informa\u00e7\u00e3o sobre a Satisfa\u00e7\u00e3o dos ex-alunos<\/p>\n<p>[\/et_pb_cta][\/et_pb_column][\/et_pb_row][et_pb_row _builder_version=&#8221;4.6.6&#8243; _module_preset=&#8221;default&#8221;][et_pb_column type=&#8221;4_4&#8243; _builder_version=&#8221;4.6.6&#8243; _module_preset=&#8221;default&#8221;][et_pb_text _builder_version=&#8221;4.6.6&#8243; _module_preset=&#8221;default&#8221;]<\/p>\n<h2 style=\"text-align: center;\">Ano letivo 21\/22<\/h2>\n<p>[\/et_pb_text][\/et_pb_column][\/et_pb_row][et_pb_row column_structure=&#8221;1_2,1_2&#8243; _builder_version=&#8221;4.6.6&#8243; _module_preset=&#8221;default&#8221;][et_pb_column type=&#8221;1_2&#8243; _builder_version=&#8221;4.6.6&#8243; _module_preset=&#8221;default&#8221;][et_pb_cta title=&#8221;Question\u00e1rio &#8211;  Enc. de Educa\u00e7\u00e3o&#8221; button_url=&#8221;https:\/\/ae-joserelvas.pt\/eqavet\/wp-content\/uploads\/2024\/02\/21_22_satisfacao_EE_profissionais.pdf&#8221; url_new_window=&#8221;on&#8221; button_text=&#8221;Clique aqui&#8221; _builder_version=&#8221;4.6.6&#8243; _module_preset=&#8221;default&#8221; link_option_url_new_window=&#8221;on&#8221; hover_enabled=&#8221;0&#8243; sticky_enabled=&#8221;0&#8243;]<\/p>\n<p>Resultados do inqu\u00e9rito sobre a satisfa\u00e7\u00e3o dos Encarregados de Educa\u00e7\u00e3o<\/p>\n<p>&nbsp;<\/p>\n<p>[\/et_pb_cta][et_pb_cta title=&#8221;Question\u00e1rio &#8211;  Colaboradores&#8221; button_url=&#8221;https:\/\/ae-joserelvas.pt\/eqavet\/wp-content\/uploads\/2024\/02\/21_22_satisfacao_colaboradores_profissionais.pdf&#8221; url_new_window=&#8221;on&#8221; button_text=&#8221;Clique aqui&#8221; _builder_version=&#8221;4.6.6&#8243; _module_preset=&#8221;default&#8221; link_option_url_new_window=&#8221;on&#8221;]<\/p>\n<p>Resultados do inqu\u00e9rito de Informa\u00e7\u00e3o sobre a Satisfa\u00e7\u00e3o dos Colaboradores<\/p>\n<p>[\/et_pb_cta][\/et_pb_column][et_pb_column type=&#8221;1_2&#8243; _builder_version=&#8221;4.6.6&#8243; _module_preset=&#8221;default&#8221;][et_pb_cta title=&#8221;Question\u00e1rio &#8211;  Ex-Alunos&#8221; button_url=&#8221;https:\/\/ae-joserelvas.pt\/eqavet\/wp-content\/uploads\/2024\/02\/21_22_satisfacao_exformandos_profissionais.pdf&#8221; url_new_window=&#8221;on&#8221; button_text=&#8221;Clique aqui&#8221; _builder_version=&#8221;4.6.6&#8243; _module_preset=&#8221;default&#8221; link_option_url_new_window=&#8221;on&#8221; hover_enabled=&#8221;0&#8243; sticky_enabled=&#8221;0&#8243;]<\/p>\n<p>Resultados do inqu\u00e9rito de Informa\u00e7\u00e3o sobre a Satisfa\u00e7\u00e3o dos ex-alunos\u00a0<\/p>\n<p>&nbsp;<\/p>\n<p>[\/et_pb_cta][et_pb_cta title=&#8221;Question\u00e1rio &#8211; Alunos&#8221; button_url=&#8221;https:\/\/ae-joserelvas.pt\/eqavet\/wp-content\/uploads\/2024\/02\/21_22_satisfacao_formandos.pdf&#8221; url_new_window=&#8221;on&#8221; button_text=&#8221;Clique aqui&#8221; _builder_version=&#8221;4.6.6&#8243; _module_preset=&#8221;default&#8221; link_option_url_new_window=&#8221;on&#8221;]<\/p>\n<p>Resultados do inqu\u00e9rito de Informa\u00e7\u00e3o sobre a Satisfa\u00e7\u00e3o dos Alunos<\/p>\n<p>[\/et_pb_cta][\/et_pb_column][\/et_pb_row][et_pb_row _builder_version=&#8221;4.6.6&#8243; _module_preset=&#8221;default&#8221;][et_pb_column type=&#8221;4_4&#8243; _builder_version=&#8221;4.6.6&#8243; _module_preset=&#8221;default&#8221;][et_pb_text _builder_version=&#8221;4.6.6&#8243; _module_preset=&#8221;default&#8221;]<\/p>\n<h2 style=\"text-align: center;\">Ano letivo 22\/23<\/h2>\n<p>[\/et_pb_text][\/et_pb_column][\/et_pb_row][et_pb_row column_structure=&#8221;1_2,1_2&#8243; disabled_on=&#8221;off|off|off&#8221; _builder_version=&#8221;4.6.6&#8243; _module_preset=&#8221;default&#8221;][et_pb_column type=&#8221;1_2&#8243; _builder_version=&#8221;4.6.6&#8243; _module_preset=&#8221;default&#8221;][et_pb_cta title=&#8221;Question\u00e1rio &#8211;  Enc. de Educa\u00e7\u00e3o&#8221; button_url=&#8221;https:\/\/ae-joserelvas.pt\/eqavet\/wp-content\/uploads\/2024\/02\/satisfacao_EE_profissionais_22_23.pdf&#8221; url_new_window=&#8221;on&#8221; button_text=&#8221;Clique aqui&#8221; _builder_version=&#8221;4.6.6&#8243; _module_preset=&#8221;default&#8221; link_option_url_new_window=&#8221;on&#8221;]<\/p>\n<p>Resultados do inqu\u00e9rito sobre a satisfa\u00e7\u00e3o dos Encarregados de Educa\u00e7\u00e3o<\/p>\n<p>&nbsp;<\/p>\n<p>[\/et_pb_cta][et_pb_cta title=&#8221;Question\u00e1rio &#8211;  Colaboradores&#8221; button_url=&#8221;https:\/\/ae-joserelvas.pt\/eqavet\/wp-content\/uploads\/2024\/02\/satisfacao_colaboradores_profissionais_22_23.pdf&#8221; url_new_window=&#8221;on&#8221; button_text=&#8221;Clique aqui&#8221; _builder_version=&#8221;4.6.6&#8243; _module_preset=&#8221;default&#8221; link_option_url_new_window=&#8221;on&#8221;]<\/p>\n<p>Resultados do inqu\u00e9rito de Informa\u00e7\u00e3o sobre a Satisfa\u00e7\u00e3o dos Colaboradores<\/p>\n<p>[\/et_pb_cta][et_pb_cta title=&#8221;Question\u00e1rio &#8211; Alunos&#8221; button_url=&#8221;https:\/\/ae-joserelvas.pt\/eqavet\/wp-content\/uploads\/2024\/02\/Satisfacao_Formacao_Alunos_dos_CP_22_23.pdf&#8221; url_new_window=&#8221;on&#8221; button_text=&#8221;Clique aqui&#8221; _builder_version=&#8221;4.6.6&#8243; _module_preset=&#8221;default&#8221; link_option_url_new_window=&#8221;on&#8221;]<\/p>\n<p>Resultados do inqu\u00e9rito de Informa\u00e7\u00e3o sobre a Satisfa\u00e7\u00e3o dos Alunos<\/p>\n<p>[\/et_pb_cta][\/et_pb_column][et_pb_column type=&#8221;1_2&#8243; _builder_version=&#8221;4.6.6&#8243; _module_preset=&#8221;default&#8221;][et_pb_cta title=&#8221;Question\u00e1rio  &#8211;   Entidades de Est\u00e1gio&#8221; button_url=&#8221;https:\/\/ae-joserelvas.pt\/eqavet\/wp-content\/uploads\/2024\/02\/satisfacao_entidades_acolhimento_FCT_22_23.pdf&#8221; url_new_window=&#8221;on&#8221; button_text=&#8221;Clique aqui&#8221; _builder_version=&#8221;4.6.6&#8243; _module_preset=&#8221;default&#8221; link_option_url_new_window=&#8221;on&#8221;]<\/p>\n<p>\u00a0Resultados do inqu\u00e9rito de Informa\u00e7\u00e3o sobre a Satisfa\u00e7\u00e3o das Entidades de Est\u00e1gio<\/p>\n<p>&nbsp;<\/p>\n<p>[\/et_pb_cta][et_pb_cta title=&#8221;Question\u00e1rio &#8211;  Ex-Alunos&#8221; button_url=&#8221;https:\/\/ae-joserelvas.pt\/eqavet\/wp-content\/uploads\/2022\/01\/20_21_Inquerito_Informacao_Satisfacao_ex_alunos-.pdf&#8221; url_new_window=&#8221;on&#8221; button_text=&#8221;Clique aqui&#8221; _builder_version=&#8221;4.6.6&#8243; _module_preset=&#8221;default&#8221; link_option_url_new_window=&#8221;on&#8221;]<\/p>\n<p>Resultados do inqu\u00e9rito de Informa\u00e7\u00e3o sobre a Satisfa\u00e7\u00e3o dos ex-alunos<\/p>\n<p>[\/et_pb_cta][et_pb_cta title=&#8221;Question\u00e1rio &#8211; Alunos FCT&#8221; button_url=&#8221;https:\/\/ae-joserelvas.pt\/eqavet\/wp-content\/uploads\/2024\/02\/satisfacao_formandos_FCT_22_23.pdf&#8221; url_new_window=&#8221;on&#8221; button_text=&#8221;Clique aqui&#8221; _builder_version=&#8221;4.6.6&#8243; _module_preset=&#8221;default&#8221; link_option_url_new_window=&#8221;on&#8221;]<\/p>\n<p>Resultados do inqu\u00e9rito de Informa\u00e7\u00e3o sobre a Satisfa\u00e7\u00e3o dos Alunos com a FCT<\/p>\n<p>[\/et_pb_cta][\/et_pb_column][\/et_pb_row][et_pb_row column_structure=&#8221;1_2,1_2&#8243; _builder_version=&#8221;4.6.6&#8243; _module_preset=&#8221;default&#8221;][et_pb_column type=&#8221;1_2&#8243; _builder_version=&#8221;4.6.6&#8243; _module_preset=&#8221;default&#8221;][\/et_pb_column][et_pb_column type=&#8221;1_2&#8243; _builder_version=&#8221;4.6.6&#8243; _module_preset=&#8221;default&#8221;][\/et_pb_column][\/et_pb_row][et_pb_row _builder_version=&#8221;4.6.6&#8243; _module_preset=&#8221;default&#8221;][et_pb_column type=&#8221;4_4&#8243; _builder_version=&#8221;4.6.6&#8243; _module_preset=&#8221;default&#8221;][\/et_pb_column][\/et_pb_row][\/et_pb_section]<\/p>\n","protected":false},"excerpt":{"rendered":"<p>[et_pb_section fb_built=&#8221;1&#8243; _builder_version=&#8221;4.6.6&#8243; _module_preset=&#8221;default&#8221;][et_pb_row _builder_version=&#8221;4.6.6&#8243; _module_preset=&#8221;default&#8221;][et_pb_column type=&#8221;4_4&#8243; _builder_version=&#8221;4.6.6&#8243; _module_preset=&#8221;default&#8221;][et_pb_text _builder_version=&#8221;4.6.6&#8243; _module_preset=&#8221;default&#8221; text_font=&#8221;|||on|||||&#8221; text_text_color=&#8221;#000000&#8243; text_font_size=&#8221;34px&#8221; text_text_shadow_style=&#8221;preset2&#8243;] Question\u00e1rios &#8211; Resultados [\/et_pb_text][\/et_pb_column][\/et_pb_row][et_pb_row _builder_version=&#8221;4.6.6&#8243; _module_preset=&#8221;default&#8221;][et_pb_column type=&#8221;4_4&#8243; _builder_version=&#8221;4.6.6&#8243; _module_preset=&#8221;default&#8221;][et_pb_text _builder_version=&#8221;4.6.6&#8243; _module_preset=&#8221;default&#8221;] Ano letivo 20\/21 [\/et_pb_text][\/et_pb_column][\/et_pb_row][et_pb_row column_structure=&#8221;1_2,1_2&#8243; disabled_on=&#8221;off|off|off&#8221; _builder_version=&#8221;4.6.6&#8243; _module_preset=&#8221;default&#8221;][et_pb_column type=&#8221;1_2&#8243; _builder_version=&#8221;4.6.6&#8243; _module_preset=&#8221;default&#8221;][et_pb_cta title=&#8221;Question\u00e1rio &#8211; Enc. de Educa\u00e7\u00e3o&#8221; button_url=&#8221;https:\/\/ae-joserelvas.pt\/eqavet\/wp-content\/uploads\/2022\/01\/20_21_Inquerito_satisfacao_Encarregados_Educacao.pdf&#8221; url_new_window=&#8221;on&#8221; button_text=&#8221;Clique aqui&#8221; _builder_version=&#8221;4.6.6&#8243; _module_preset=&#8221;default&#8221; link_option_url_new_window=&#8221;on&#8221;] Resultados do inqu\u00e9rito sobre a satisfa\u00e7\u00e3o [&hellip;]<\/p>\n","protected":false},"author":1,"featured_media":0,"parent":0,"menu_order":0,"comment_status":"closed","ping_status":"closed","template":"","meta":{"_et_pb_use_builder":"on","_et_pb_old_content":"","_et_gb_content_width":""},"_links":{"self":[{"href":"https:\/\/ae-joserelvas.pt\/eqavet\/wp-json\/wp\/v2\/pages\/594"}],"collection":[{"href":"https:\/\/ae-joserelvas.pt\/eqavet\/wp-json\/wp\/v2\/pages"}],"about":[{"href":"https:\/\/ae-joserelvas.pt\/eqavet\/wp-json\/wp\/v2\/types\/page"}],"author":[{"embeddable":true,"href":"https:\/\/ae-joserelvas.pt\/eqavet\/wp-json\/wp\/v2\/users\/1"}],"replies":[{"embeddable":true,"href":"https:\/\/ae-joserelvas.pt\/eqavet\/wp-json\/wp\/v2\/comments?post=594"}],"version-history":[{"count":15,"href":"https:\/\/ae-joserelvas.pt\/eqavet\/wp-json\/wp\/v2\/pages\/594\/revisions"}],"predecessor-version":[{"id":775,"href":"https:\/\/ae-joserelvas.pt\/eqavet\/wp-json\/wp\/v2\/pages\/594\/revisions\/775"}],"wp:attachment":[{"href":"https:\/\/ae-joserelvas.pt\/eqavet\/wp-json\/wp\/v2\/media?parent=594"}],"curies":[{"name":"wp","href":"https:\/\/api.w.org\/{rel}","templated":true}]}}