{"id":590,"date":"2020-10-28T13:44:43","date_gmt":"2020-10-28T13:44:43","guid":{"rendered":"https:\/\/ae-joserelvas.pt\/eqavet\/?page_id=590"},"modified":"2024-06-03T12:28:11","modified_gmt":"2024-06-03T12:28:11","slug":"590-2","status":"publish","type":"page","link":"https:\/\/ae-joserelvas.pt\/eqavet\/590-2\/","title":{"rendered":"Atividades"},"content":{"rendered":"<p>[et_pb_section fb_built=&#8221;1&#8243; _builder_version=&#8221;4.6.6&#8243; _module_preset=&#8221;default&#8221;][et_pb_row _builder_version=&#8221;4.6.6&#8243; _module_preset=&#8221;default&#8221;][et_pb_column type=&#8221;4_4&#8243; _builder_version=&#8221;4.6.6&#8243; _module_preset=&#8221;default&#8221;][et_pb_text _builder_version=&#8221;4.6.6&#8243; _module_preset=&#8221;default&#8221; header_text_shadow_style=&#8221;preset2&#8243;]<\/p>\n<h1>Atividades<\/h1>\n<p>[\/et_pb_text][\/et_pb_column][\/et_pb_row][et_pb_row disabled_on=&#8221;on|on|on&#8221; _builder_version=&#8221;4.6.6&#8243; _module_preset=&#8221;default&#8221; disabled=&#8221;on&#8221;][et_pb_column type=&#8221;4_4&#8243; _builder_version=&#8221;4.6.6&#8243; _module_preset=&#8221;default&#8221;][et_pb_text _builder_version=&#8221;4.6.6&#8243; _module_preset=&#8221;default&#8221;]<\/p>\n<h2>Ano letivo 20\/21<\/h2>\n<p>&nbsp;<\/p>\n<p>[\/et_pb_text][\/et_pb_column][\/et_pb_row][\/et_pb_section][et_pb_section fb_built=&#8221;1&#8243; _builder_version=&#8221;4.6.6&#8243; _module_preset=&#8221;default&#8221;][et_pb_row _builder_version=&#8221;4.6.6&#8243; _module_preset=&#8221;default&#8221;][et_pb_column type=&#8221;4_4&#8243; _builder_version=&#8221;4.6.6&#8243; _module_preset=&#8221;default&#8221;][et_pb_text _builder_version=&#8221;4.6.6&#8243; _module_preset=&#8221;default&#8221;]<\/p>\n<h3>Novos equipamentos para o Curso Profissional de T\u00e9cnico de Desporto<\/h3>\n<p>[\/et_pb_text][et_pb_gallery gallery_ids=&#8221;702,704,705,706,707,708,709&#8243; admin_label=&#8221;Equipamentos&#8221; _builder_version=&#8221;4.6.6&#8243; _module_preset=&#8221;default&#8221;][\/et_pb_gallery][\/et_pb_column][\/et_pb_row][\/et_pb_section][et_pb_section fb_built=&#8221;1&#8243; _builder_version=&#8221;4.6.6&#8243; _module_preset=&#8221;default&#8221;][et_pb_row _builder_version=&#8221;4.6.6&#8243; _module_preset=&#8221;default&#8221;][et_pb_column type=&#8221;4_4&#8243; _builder_version=&#8221;4.6.6&#8243; _module_preset=&#8221;default&#8221;][et_pb_text _builder_version=&#8221;4.6.6&#8243; _module_preset=&#8221;default&#8221;]<\/p>\n<h1 style=\"text-align: left;\">Prova de Aptid\u00e3o Profissional (PAP)<\/h1>\n<p>[\/et_pb_text][\/et_pb_column][\/et_pb_row][\/et_pb_section][et_pb_section fb_built=&#8221;1&#8243; _builder_version=&#8221;4.6.6&#8243; _module_preset=&#8221;default&#8221;][et_pb_row column_structure=&#8221;1_2,1_2&#8243; _builder_version=&#8221;4.6.6&#8243; _module_preset=&#8221;default&#8221;][et_pb_column type=&#8221;1_2&#8243; _builder_version=&#8221;4.6.6&#8243; _module_preset=&#8221;default&#8221;][et_pb_text _builder_version=&#8221;4.6.6&#8243; _module_preset=&#8221;default&#8221;]<\/p>\n<h4 style=\"text-align: center;\">12\u00baC &#8211; T\u00e9cnico de Gest\u00e3o e programa\u00e7\u00e3o de Sistemas Inform\u00e1ticos<\/h4>\n<p>Nos dias 19 e 20 de julho decorreram as apresenta\u00e7\u00f5es e defesa das Provas de Aptid\u00e3o Profissional (PAP) dos alunos finalistas, perante um j\u00fari constitu\u00eddo por profissionais de cada setor.<\/p>\n<p>Todos os alunos apresentaram a Prova de Aptid\u00e3o Profissional. Esta prova \u00e9 muito importante para os alunos pois permite-lhes aplicar os conhecimentos adquiridos ao longo dos tr\u00eas anos do curso.<\/p>\n<p>Os projetos foram desenvolvidos ao longo do ano letivo, com etapas e tarefas bem definidas, facto que contribuiu de forma decisiva para o sucesso dos alunos. O balan\u00e7o das PAP, foi bastante positivo, com a apresenta\u00e7\u00e3o de projetos ambiciosos, que evolu\u00edram exclusivamente da cria\u00e7\u00e3o de software para a cria\u00e7\u00e3o de um produto material.<\/p>\n<p><strong>Parab\u00e9ns a todos!<\/strong><\/p>\n<p>[\/et_pb_text][\/et_pb_column][et_pb_column type=&#8221;1_2&#8243; _builder_version=&#8221;4.6.6&#8243; _module_preset=&#8221;default&#8221;][et_pb_video src=&#8221;https:\/\/www.youtube.com\/watch?v=Zy531J-n3Ok&#038;t=4s&#8221; _builder_version=&#8221;4.6.6&#8243; _module_preset=&#8221;default&#8221;][\/et_pb_video][\/et_pb_column][\/et_pb_row][et_pb_row _builder_version=&#8221;4.6.6&#8243; _module_preset=&#8221;default&#8221;][et_pb_column _builder_version=&#8221;4.6.6&#8243; _module_preset=&#8221;default&#8221; type=&#8221;4_4&#8243;][et_pb_code _builder_version=&#8221;4.6.6&#8243; _module_preset=&#8221;default&#8221; hover_enabled=&#8221;0&#8243; sticky_enabled=&#8221;0&#8243;]<\/p>\n<div style=\"position: relative; width: 100%; height: 0; padding-top: 56.2500%;<!-- [et_pb_line_break_holder] --> padding-bottom: 0; box-shadow: 0 2px 8px 0 rgba(63,69,81,0.16); margin-top: 1.6em; margin-bottom: 0.9em; overflow: hidden;<!-- [et_pb_line_break_holder] --> border-radius: 8px; will-change: transform;&#8221;><!-- [et_pb_line_break_holder] -->  <iframe loading=\"lazy\" style=\"position: absolute; width: 100%; height: 100%; top: 0; left: 0; border: none; padding: 0;margin: 0;\"<!-- [et_pb_line_break_holder] -->    src=&#8221;https:&#x2F;&#x2F;www.canva.com&#x2F;design&#x2F;DAGGbQ0s61c&#x2F;_wG7nbjxZecdgQqRsk7Fog&#x2F;watch?embed&#8221; allowfullscreen=&#8221;allowfullscreen&#8221; allow=&#8221;fullscreen&#8221;><!-- [et_pb_line_break_holder] -->  <\/iframe><!-- [et_pb_line_break_holder] --><\/div>\n<p><!-- [et_pb_line_break_holder] --><a href=\"https:&#x2F;&#x2F;www.canva.com&#x2F;design&#x2F;DAGGbQ0s61c&#x2F;_wG7nbjxZecdgQqRsk7Fog&#x2F;watch?utm_content=DAGGbQ0s61c&amp;utm_campaign=designshare&amp;utm_medium=embeds&amp;utm_source=link\" target=\"_blank\" rel=\"noopener\">V\u00eddeo Inform\u00e1tica AEJR<\/a> de Susana Rodrigues[\/et_pb_code][\/et_pb_column][\/et_pb_row][et_pb_row _builder_version=&#8221;4.6.6&#8243; _module_preset=&#8221;default&#8221; hover_enabled=&#8221;0&#8243; sticky_enabled=&#8221;0&#8243;][et_pb_column _builder_version=&#8221;4.6.6&#8243; _module_preset=&#8221;default&#8221; type=&#8221;4_4&#8243;][et_pb_code _builder_version=&#8221;4.6.6&#8243; _module_preset=&#8221;default&#8221; hover_enabled=&#8221;0&#8243; sticky_enabled=&#8221;0&#8243;]<\/p>\n<div style=\"position: relative; width: 100%; height: 0; padding-top: 56.2500%;<!-- [et_pb_line_break_holder] --> padding-bottom: 0; box-shadow: 0 2px 8px 0 rgba(63,69,81,0.16); margin-top: 1.6em; margin-bottom: 0.9em; overflow: hidden;<!-- [et_pb_line_break_holder] --> border-radius: 8px; will-change: transform;&#8221;><!-- [et_pb_line_break_holder] -->  <iframe loading=\"lazy\" style=\"position: absolute; width: 100%; height: 100%; top: 0; left: 0; border: none; padding: 0;margin: 0;\"<!-- [et_pb_line_break_holder] -->    src=&#8221;https:&#x2F;&#x2F;www.canva.com&#x2F;design&#x2F;DAFkP3HyOA8&#x2F;dOXUnV9SDQjT-AnuxOd9oA&#x2F;watch?embed&#8221; allowfullscreen=&#8221;allowfullscreen&#8221; allow=&#8221;fullscreen&#8221;><!-- [et_pb_line_break_holder] -->  <\/iframe><!-- [et_pb_line_break_holder] --><\/div>\n<p><!-- [et_pb_line_break_holder] --><a href=\"https:&#x2F;&#x2F;www.canva.com&#x2F;design&#x2F;DAFkP3HyOA8&#x2F;dOXUnV9SDQjT-AnuxOd9oA&#x2F;watch?utm_content=DAFkP3HyOA8&amp;utm_campaign=designshare&amp;utm_medium=embeds&amp;utm_source=link\" target=\"_blank\" rel=\"noopener\">Blue Gold Collage Education Youtube Video<\/a> de Susana Rodrigues[\/et_pb_code][\/et_pb_column][\/et_pb_row][et_pb_row _builder_version=&#8221;4.6.6&#8243; _module_preset=&#8221;default&#8221; hover_enabled=&#8221;0&#8243; sticky_enabled=&#8221;0&#8243;][et_pb_column _builder_version=&#8221;4.6.6&#8243; _module_preset=&#8221;default&#8221; type=&#8221;4_4&#8243;][et_pb_code _builder_version=&#8221;4.6.6&#8243; _module_preset=&#8221;default&#8221; hover_enabled=&#8221;0&#8243; sticky_enabled=&#8221;0&#8243;]<\/p>\n<div style=\"position: relative; width: 100%; height: 0; padding-top: 56.2500%;<!-- [et_pb_line_break_holder] --> padding-bottom: 0; box-shadow: 0 2px 8px 0 rgba(63,69,81,0.16); margin-top: 1.6em; margin-bottom: 0.9em; overflow: hidden;<!-- [et_pb_line_break_holder] --> border-radius: 8px; will-change: transform;&#8221;><!-- [et_pb_line_break_holder] -->  <iframe loading=\"lazy\" style=\"position: absolute; width: 100%; height: 100%; top: 0; left: 0; border: none; padding: 0;margin: 0;\"<!-- [et_pb_line_break_holder] -->    src=&#8221;https:&#x2F;&#x2F;www.canva.com&#x2F;design&#x2F;DAGG_RwN_Xk&#x2F;mrq3kX5V7HLrfaT2wYA0Qw&#x2F;view?embed&#8221; allowfullscreen=&#8221;allowfullscreen&#8221; allow=&#8221;fullscreen&#8221;><!-- [et_pb_line_break_holder] -->  <\/iframe><!-- [et_pb_line_break_holder] --><\/div>\n<p><!-- [et_pb_line_break_holder] --><a href=\"https:&#x2F;&#x2F;www.canva.com&#x2F;design&#x2F;DAGG_RwN_Xk&#x2F;mrq3kX5V7HLrfaT2wYA0Qw&#x2F;view?utm_content=DAGG_RwN_Xk&amp;utm_campaign=designshare&amp;utm_medium=embeds&amp;utm_source=link\" target=\"_blank\" rel=\"noopener\">V\u00eddeo<\/a> de Susana Rodrigues[\/et_pb_code][\/et_pb_column][\/et_pb_row][\/et_pb_section]<\/p>\n","protected":false},"excerpt":{"rendered":"<p>[et_pb_section fb_built=&#8221;1&#8243; _builder_version=&#8221;4.6.6&#8243; _module_preset=&#8221;default&#8221;][et_pb_row _builder_version=&#8221;4.6.6&#8243; _module_preset=&#8221;default&#8221;][et_pb_column type=&#8221;4_4&#8243; _builder_version=&#8221;4.6.6&#8243; _module_preset=&#8221;default&#8221;][et_pb_text _builder_version=&#8221;4.6.6&#8243; _module_preset=&#8221;default&#8221; header_text_shadow_style=&#8221;preset2&#8243;] Atividades [\/et_pb_text][\/et_pb_column][\/et_pb_row][et_pb_row disabled_on=&#8221;on|on|on&#8221; _builder_version=&#8221;4.6.6&#8243; _module_preset=&#8221;default&#8221; disabled=&#8221;on&#8221;][et_pb_column type=&#8221;4_4&#8243; _builder_version=&#8221;4.6.6&#8243; _module_preset=&#8221;default&#8221;][et_pb_text _builder_version=&#8221;4.6.6&#8243; _module_preset=&#8221;default&#8221;] Ano letivo 20\/21 &nbsp; [\/et_pb_text][\/et_pb_column][\/et_pb_row][\/et_pb_section][et_pb_section fb_built=&#8221;1&#8243; _builder_version=&#8221;4.6.6&#8243; _module_preset=&#8221;default&#8221;][et_pb_row _builder_version=&#8221;4.6.6&#8243; _module_preset=&#8221;default&#8221;][et_pb_column type=&#8221;4_4&#8243; _builder_version=&#8221;4.6.6&#8243; _module_preset=&#8221;default&#8221;][et_pb_text _builder_version=&#8221;4.6.6&#8243; _module_preset=&#8221;default&#8221;] Novos equipamentos para o Curso Profissional de T\u00e9cnico de Desporto [\/et_pb_text][et_pb_gallery gallery_ids=&#8221;702,704,705,706,707,708,709&#8243; admin_label=&#8221;Equipamentos&#8221; _builder_version=&#8221;4.6.6&#8243; _module_preset=&#8221;default&#8221;][\/et_pb_gallery][\/et_pb_column][\/et_pb_row][\/et_pb_section][et_pb_section fb_built=&#8221;1&#8243; _builder_version=&#8221;4.6.6&#8243; [&hellip;]<\/p>\n","protected":false},"author":1,"featured_media":0,"parent":0,"menu_order":0,"comment_status":"closed","ping_status":"closed","template":"","meta":{"_et_pb_use_builder":"on","_et_pb_old_content":"","_et_gb_content_width":""},"_links":{"self":[{"href":"https:\/\/ae-joserelvas.pt\/eqavet\/wp-json\/wp\/v2\/pages\/590"}],"collection":[{"href":"https:\/\/ae-joserelvas.pt\/eqavet\/wp-json\/wp\/v2\/pages"}],"about":[{"href":"https:\/\/ae-joserelvas.pt\/eqavet\/wp-json\/wp\/v2\/types\/page"}],"author":[{"embeddable":true,"href":"https:\/\/ae-joserelvas.pt\/eqavet\/wp-json\/wp\/v2\/users\/1"}],"replies":[{"embeddable":true,"href":"https:\/\/ae-joserelvas.pt\/eqavet\/wp-json\/wp\/v2\/comments?post=590"}],"version-history":[{"count":10,"href":"https:\/\/ae-joserelvas.pt\/eqavet\/wp-json\/wp\/v2\/pages\/590\/revisions"}],"predecessor-version":[{"id":827,"href":"https:\/\/ae-joserelvas.pt\/eqavet\/wp-json\/wp\/v2\/pages\/590\/revisions\/827"}],"wp:attachment":[{"href":"https:\/\/ae-joserelvas.pt\/eqavet\/wp-json\/wp\/v2\/media?parent=590"}],"curies":[{"name":"wp","href":"https:\/\/api.w.org\/{rel}","templated":true}]}}

<p>[et_pb_section fb_built=&#8221;1&#8243; _builder_version=&#8221;4.6.6&#8243; _module_preset=&#8221;default&#8221;][et_pb_row _builder_version=&#8221;4.6.6&#8243; _module_preset=&#8221;default&#8221;][et_pb_column type=&#8221;4_4&#8243; _builder_version=&#8221;4.6.6&#8243; _module_preset=&#8221;default&#8221;][et_pb_text _builder_version=&#8221;4.6.6&#8243; _module_preset=&#8221;default&#8221; header_text_shadow_style=&#8221;preset2&#8243;]</p>
<h1>Atividades</h1>
<p>[/et_pb_text][/et_pb_column][/et_pb_row][et_pb_row disabled_on=&#8221;on|on|on&#8221; _builder_version=&#8221;4.6.6&#8243; _module_preset=&#8221;default&#8221; disabled=&#8221;on&#8221;][et_pb_column type=&#8221;4_4&#8243; _builder_version=&#8221;4.6.6&#8243; _module_preset=&#8221;default&#8221;][et_pb_text _builder_version=&#8221;4.6.6&#8243; _module_preset=&#8221;default&#8221;]</p>
<h2>Ano letivo 20/21</h2>
<p>&nbsp;</p>
<p>[/et_pb_text][/et_pb_column][/et_pb_row][/et_pb_section][et_pb_section fb_built=&#8221;1&#8243; _builder_version=&#8221;4.6.6&#8243; _module_preset=&#8221;default&#8221;][et_pb_row _builder_version=&#8221;4.6.6&#8243; _module_preset=&#8221;default&#8221;][et_pb_column type=&#8221;4_4&#8243; _builder_version=&#8221;4.6.6&#8243; _module_preset=&#8221;default&#8221;][et_pb_text _builder_version=&#8221;4.6.6&#8243; _module_preset=&#8221;default&#8221;]</p>
<h3>Novos equipamentos para o Curso Profissional de Técnico de Desporto</h3>
<p>[/et_pb_text][et_pb_gallery gallery_ids=&#8221;702,704,705,706,707,708,709&#8243; admin_label=&#8221;Equipamentos&#8221; _builder_version=&#8221;4.6.6&#8243; _module_preset=&#8221;default&#8221;][/et_pb_gallery][/et_pb_column][/et_pb_row][/et_pb_section][et_pb_section fb_built=&#8221;1&#8243; _builder_version=&#8221;4.6.6&#8243; _module_preset=&#8221;default&#8221;][et_pb_row _builder_version=&#8221;4.6.6&#8243; _module_preset=&#8221;default&#8221;][et_pb_column type=&#8221;4_4&#8243; _builder_version=&#8221;4.6.6&#8243; _module_preset=&#8221;default&#8221;][et_pb_text _builder_version=&#8221;4.6.6&#8243; _module_preset=&#8221;default&#8221;]</p>
<h1 style="text-align: left;">Prova de Aptidão Profissional (PAP)</h1>
<p>[/et_pb_text][/et_pb_column][/et_pb_row][/et_pb_section][et_pb_section fb_built=&#8221;1&#8243; _builder_version=&#8221;4.6.6&#8243; _module_preset=&#8221;default&#8221;][et_pb_row column_structure=&#8221;1_2,1_2&#8243; _builder_version=&#8221;4.6.6&#8243; _module_preset=&#8221;default&#8221;][et_pb_column type=&#8221;1_2&#8243; _builder_version=&#8221;4.6.6&#8243; _module_preset=&#8221;default&#8221;][et_pb_text _builder_version=&#8221;4.6.6&#8243; _module_preset=&#8221;default&#8221;]</p>
<h4 style="text-align: center;">12ºC &#8211; Técnico de Gestão e programação de Sistemas Informáticos</h4>
<p>Nos dias 19 e 20 de julho decorreram as apresentações e defesa das Provas de Aptidão Profissional (PAP) dos alunos finalistas, perante um júri constituído por profissionais de cada setor.</p>
<p>Todos os alunos apresentaram a Prova de Aptidão Profissional. Esta prova é muito importante para os alunos pois permite-lhes aplicar os conhecimentos adquiridos ao longo dos três anos do curso.</p>
<p>Os projetos foram desenvolvidos ao longo do ano letivo, com etapas e tarefas bem definidas, facto que contribuiu de forma decisiva para o sucesso dos alunos. O balanço das PAP, foi bastante positivo, com a apresentação de projetos ambiciosos, que evoluíram exclusivamente da criação de software para a criação de um produto material.</p>
<p><strong>Parabéns a todos!</strong></p>
<p>[/et_pb_text][/et_pb_column][et_pb_column type=&#8221;1_2&#8243; _builder_version=&#8221;4.6.6&#8243; _module_preset=&#8221;default&#8221;][et_pb_video src=&#8221;https://www.youtube.com/watch?v=Zy531J-n3Ok&#038;t=4s&#8221; _builder_version=&#8221;4.6.6&#8243; _module_preset=&#8221;default&#8221;][/et_pb_video][/et_pb_column][/et_pb_row][et_pb_row _builder_version=&#8221;4.6.6&#8243; _module_preset=&#8221;default&#8221;][et_pb_column _builder_version=&#8221;4.6.6&#8243; _module_preset=&#8221;default&#8221; type=&#8221;4_4&#8243;][et_pb_code _builder_version=&#8221;4.6.6&#8243; _module_preset=&#8221;default&#8221; hover_enabled=&#8221;0&#8243; sticky_enabled=&#8221;0&#8243;]</p>
<div style="position: relative; width: 100%; height: 0; padding-top: 56.2500%;<!-- [et_pb_line_break_holder] --> padding-bottom: 0; box-shadow: 0 2px 8px 0 rgba(63,69,81,0.16); margin-top: 1.6em; margin-bottom: 0.9em; overflow: hidden;<!-- [et_pb_line_break_holder] --> border-radius: 8px; will-change: transform;&#8221;><!-- [et_pb_line_break_holder] -->  <iframe loading="lazy" style="position: absolute; width: 100%; height: 100%; top: 0; left: 0; border: none; padding: 0;margin: 0;"<!-- [et_pb_line_break_holder] -->    src=&#8221;https:&#x2F;&#x2F;www.canva.com&#x2F;design&#x2F;DAGGbQ0s61c&#x2F;_wG7nbjxZecdgQqRsk7Fog&#x2F;watch?embed&#8221; allowfullscreen=&#8221;allowfullscreen&#8221; allow=&#8221;fullscreen&#8221;><!-- [et_pb_line_break_holder] -->  </iframe><!-- [et_pb_line_break_holder] --></div>
<p><!-- [et_pb_line_break_holder] --><a href="https:&#x2F;&#x2F;www.canva.com&#x2F;design&#x2F;DAGGbQ0s61c&#x2F;_wG7nbjxZecdgQqRsk7Fog&#x2F;watch?utm_content=DAGGbQ0s61c&amp;utm_campaign=designshare&amp;utm_medium=embeds&amp;utm_source=link" target="_blank" rel="noopener">Vídeo Informática AEJR</a> de Susana Rodrigues[/et_pb_code][/et_pb_column][/et_pb_row][et_pb_row _builder_version=&#8221;4.6.6&#8243; _module_preset=&#8221;default&#8221; hover_enabled=&#8221;0&#8243; sticky_enabled=&#8221;0&#8243;][et_pb_column _builder_version=&#8221;4.6.6&#8243; _module_preset=&#8221;default&#8221; type=&#8221;4_4&#8243;][et_pb_code _builder_version=&#8221;4.6.6&#8243; _module_preset=&#8221;default&#8221; hover_enabled=&#8221;0&#8243; sticky_enabled=&#8221;0&#8243;]</p>
<div style="position: relative; width: 100%; height: 0; padding-top: 56.2500%;<!-- [et_pb_line_break_holder] --> padding-bottom: 0; box-shadow: 0 2px 8px 0 rgba(63,69,81,0.16); margin-top: 1.6em; margin-bottom: 0.9em; overflow: hidden;<!-- [et_pb_line_break_holder] --> border-radius: 8px; will-change: transform;&#8221;><!-- [et_pb_line_break_holder] -->  <iframe loading="lazy" style="position: absolute; width: 100%; height: 100%; top: 0; left: 0; border: none; padding: 0;margin: 0;"<!-- [et_pb_line_break_holder] -->    src=&#8221;https:&#x2F;&#x2F;www.canva.com&#x2F;design&#x2F;DAFkP3HyOA8&#x2F;dOXUnV9SDQjT-AnuxOd9oA&#x2F;watch?embed&#8221; allowfullscreen=&#8221;allowfullscreen&#8221; allow=&#8221;fullscreen&#8221;><!-- [et_pb_line_break_holder] -->  </iframe><!-- [et_pb_line_break_holder] --></div>
<p><!-- [et_pb_line_break_holder] --><a href="https:&#x2F;&#x2F;www.canva.com&#x2F;design&#x2F;DAFkP3HyOA8&#x2F;dOXUnV9SDQjT-AnuxOd9oA&#x2F;watch?utm_content=DAFkP3HyOA8&amp;utm_campaign=designshare&amp;utm_medium=embeds&amp;utm_source=link" target="_blank" rel="noopener">Blue Gold Collage Education Youtube Video</a> de Susana Rodrigues[/et_pb_code][/et_pb_column][/et_pb_row][et_pb_row _builder_version=&#8221;4.6.6&#8243; _module_preset=&#8221;default&#8221; hover_enabled=&#8221;0&#8243; sticky_enabled=&#8221;0&#8243;][et_pb_column _builder_version=&#8221;4.6.6&#8243; _module_preset=&#8221;default&#8221; type=&#8221;4_4&#8243;][et_pb_code _builder_version=&#8221;4.6.6&#8243; _module_preset=&#8221;default&#8221; hover_enabled=&#8221;0&#8243; sticky_enabled=&#8221;0&#8243;]</p>
<div style="position: relative; width: 100%; height: 0; padding-top: 56.2500%;<!-- [et_pb_line_break_holder] --> padding-bottom: 0; box-shadow: 0 2px 8px 0 rgba(63,69,81,0.16); margin-top: 1.6em; margin-bottom: 0.9em; overflow: hidden;<!-- [et_pb_line_break_holder] --> border-radius: 8px; will-change: transform;&#8221;><!-- [et_pb_line_break_holder] -->  <iframe loading="lazy" style="position: absolute; width: 100%; height: 100%; top: 0; left: 0; border: none; padding: 0;margin: 0;"<!-- [et_pb_line_break_holder] -->    src=&#8221;https:&#x2F;&#x2F;www.canva.com&#x2F;design&#x2F;DAGG_RwN_Xk&#x2F;mrq3kX5V7HLrfaT2wYA0Qw&#x2F;view?embed&#8221; allowfullscreen=&#8221;allowfullscreen&#8221; allow=&#8221;fullscreen&#8221;><!-- [et_pb_line_break_holder] -->  </iframe><!-- [et_pb_line_break_holder] --></div>
<p><!-- [et_pb_line_break_holder] --><a href="https:&#x2F;&#x2F;www.canva.com&#x2F;design&#x2F;DAGG_RwN_Xk&#x2F;mrq3kX5V7HLrfaT2wYA0Qw&#x2F;view?utm_content=DAGG_RwN_Xk&amp;utm_campaign=designshare&amp;utm_medium=embeds&amp;utm_source=link" target="_blank" rel="noopener">Vídeo</a> de Susana Rodrigues[/et_pb_code][/et_pb_column][/et_pb_row][/et_pb_section]</p>

<p>[et_pb_section fb_built=&#8221;1&#8243; _builder_version=&#8221;4.6.6&#8243; _module_preset=&#8221;default&#8221;][et_pb_row _builder_version=&#8221;4.6.6&#8243; _module_preset=&#8221;default&#8221;][et_pb_column type=&#8221;4_4&#8243; _builder_version=&#8221;4.6.6&#8243; _module_preset=&#8221;default&#8221;][et_pb_text _builder_version=&#8221;4.6.6&#8243; _module_preset=&#8221;default&#8221; header_text_shadow_style=&#8221;preset2&#8243;] Atividades [/et_pb_text][/et_pb_column][/et_pb_row][et_pb_row disabled_on=&#8221;on|on|on&#8221; _builder_version=&#8221;4.6.6&#8243; _module_preset=&#8221;default&#8221; disabled=&#8221;on&#8221;][et_pb_column type=&#8221;4_4&#8243; _builder_version=&#8221;4.6.6&#8243; _module_preset=&#8221;default&#8221;][et_pb_text _builder_version=&#8221;4.6.6&#8243; _module_preset=&#8221;default&#8221;] Ano letivo 20/21 &nbsp; [/et_pb_text][/et_pb_column][/et_pb_row][/et_pb_section][et_pb_section fb_built=&#8221;1&#8243; _builder_version=&#8221;4.6.6&#8243; _module_preset=&#8221;default&#8221;][et_pb_row _builder_version=&#8221;4.6.6&#8243; _module_preset=&#8221;default&#8221;][et_pb_column type=&#8221;4_4&#8243; _builder_version=&#8221;4.6.6&#8243; _module_preset=&#8221;default&#8221;][et_pb_text _builder_version=&#8221;4.6.6&#8243; _module_preset=&#8221;default&#8221;] Novos equipamentos para o Curso Profissional de Técnico de Desporto [/et_pb_text][et_pb_gallery gallery_ids=&#8221;702,704,705,706,707,708,709&#8243; admin_label=&#8221;Equipamentos&#8221; _builder_version=&#8221;4.6.6&#8243; _module_preset=&#8221;default&#8221;][/et_pb_gallery][/et_pb_column][/et_pb_row][/et_pb_section][et_pb_section fb_built=&#8221;1&#8243; _builder_version=&#8221;4.6.6&#8243; [&hellip;]</p>
